{"id":8727,"date":"2019-01-28T14:49:28","date_gmt":"2019-01-28T14:49:28","guid":{"rendered":"http:\/\/clinicaortega.pe\/webortega\/?page_id=8727"},"modified":"2021-01-10T15:59:19","modified_gmt":"2021-01-10T15:59:19","slug":"preguntas-frecuentes","status":"publish","type":"page","link":"https:\/\/clinicaortega.pe\/webortega\/preguntas-frecuentes","title":{"rendered":"Preguntas Frecuentes"},"content":{"rendered":"\t\t<div data-elementor-type=\"wp-post\" data-elementor-id=\"8727\" class=\"elementor elementor-8727\">\n\t\t\t\t\t\t\t\t\t<section class=\"elementor-section elementor-top-section elementor-element elementor-element-1284c5aa elementor-section-boxed elementor-section-height-default elementor-section-height-default\" data-id=\"1284c5aa\" data-element_type=\"section\">\n\t\t\t\t\t\t<div class=\"elementor-container elementor-column-gap-default\">\n\t\t\t\t\t<div class=\"elementor-column elementor-col-100 elementor-top-column elementor-element elementor-element-706aa83d\" data-id=\"706aa83d\" data-element_type=\"column\">\n\t\t\t<div class=\"elementor-widget-wrap elementor-element-populated\">\n\t\t\t\t\t\t\t\t<div class=\"elementor-element elementor-element-966bea2 elementor-widget elementor-widget-accordion\" data-id=\"966bea2\" data-element_type=\"widget\" data-widget_type=\"accordion.default\">\n\t\t\t\t<div class=\"elementor-widget-container\">\n\t\t\t<style>\/*! elementor - v3.7.5 - 14-09-2022 *\/\n.elementor-accordion{text-align:left}.elementor-accordion .elementor-accordion-item{border:1px solid #d4d4d4}.elementor-accordion .elementor-accordion-item+.elementor-accordion-item{border-top:none}.elementor-accordion .elementor-tab-title{margin:0;padding:15px 20px;font-weight:700;line-height:1;cursor:pointer;outline:none}.elementor-accordion .elementor-tab-title .elementor-accordion-icon{display:inline-block;width:1.5em}.elementor-accordion .elementor-tab-title .elementor-accordion-icon svg{width:1em;height:1em}.elementor-accordion .elementor-tab-title .elementor-accordion-icon.elementor-accordion-icon-right{float:right;text-align:right}.elementor-accordion .elementor-tab-title .elementor-accordion-icon.elementor-accordion-icon-left{float:left;text-align:left}.elementor-accordion .elementor-tab-title .elementor-accordion-icon .elementor-accordion-icon-closed{display:block}.elementor-accordion .elementor-tab-title .elementor-accordion-icon .elementor-accordion-icon-opened,.elementor-accordion .elementor-tab-title.elementor-active .elementor-accordion-icon-closed{display:none}.elementor-accordion .elementor-tab-title.elementor-active .elementor-accordion-icon-opened{display:block}.elementor-accordion .elementor-tab-content{display:none;padding:15px 20px;border-top:1px solid #d4d4d4}@media (max-width:767px){.elementor-accordion .elementor-tab-title{padding:12px 15px}.elementor-accordion .elementor-tab-title .elementor-accordion-icon{width:1.2em}.elementor-accordion .elementor-tab-content{padding:7px 15px}}.e-container>.elementor-widget-accordion{width:var(--container-widget-width,100%)}<\/style>\t\t<div class=\"elementor-accordion\" role=\"tablist\">\n\t\t\t\t\t\t\t<div class=\"elementor-accordion-item\">\n\t\t\t\t\t<div id=\"elementor-tab-title-1571\" class=\"elementor-tab-title\" data-tab=\"1\" role=\"tab\" aria-controls=\"elementor-tab-content-1571\" aria-expanded=\"false\">\n\t\t\t\t\t\t\t\t\t\t\t\t\t<span class=\"elementor-accordion-icon elementor-accordion-icon-left\" aria-hidden=\"true\">\n\t\t\t\t\t\t\t\t\t\t\t\t\t\t\t<span class=\"elementor-accordion-icon-closed\"><svg class=\"e-font-icon-svg e-fas-plus\"><use xlink:href=\"#fas-plus\" \/><\/svg><\/span>\n\t\t\t\t\t\t\t\t<span class=\"elementor-accordion-icon-opened\"><svg class=\"e-font-icon-svg e-fas-minus\"><use xlink:href=\"#fas-minus\" \/><\/svg><\/span>\n\t\t\t\t\t\t\t\t\t\t\t\t\t\t<\/span>\n\t\t\t\t\t\t\t\t\t\t\t\t<a class=\"elementor-accordion-title\" href=\"\">\u00bfQu\u00e9 servicios ofrecen?<\/a>\n\t\t\t\t\t<\/div>\n\t\t\t\t\t<div id=\"elementor-tab-content-1571\" class=\"elementor-tab-content elementor-clearfix\" data-tab=\"1\" role=\"tabpanel\" aria-labelledby=\"elementor-tab-title-1571\"><p>Te ofrecemos servicios de alta calidad, con equipos de \u00faltima tecnolog\u00eda y especialistas continuamente capacitados. Entre nuestros servicios est\u00e1n quimioterapia, nutrici\u00f3n, Medicina F\u00edsica y Rehabilitaci\u00f3n, Banco de sangre, Laboratorio Cl\u00ednico, Unidad de Cuidados Intensivos Pedi\u00e1trico, Centro Obst\u00e9trico, Unidad de Cuidados Intensivos, Central de Esterilizaci\u00f3n, Centro Quir\u00fargico, Hospitalizaci\u00f3n, Densitometr\u00eda \u00d3sea, Resonancia Magn\u00e9tica, Tomograf\u00eda, Ecograf\u00eda, Rayos X, Emergencia y Farmacia.<\/p><\/div>\n\t\t\t\t<\/div>\n\t\t\t\t\t\t\t<div class=\"elementor-accordion-item\">\n\t\t\t\t\t<div id=\"elementor-tab-title-1572\" class=\"elementor-tab-title\" data-tab=\"2\" role=\"tab\" aria-controls=\"elementor-tab-content-1572\" aria-expanded=\"false\">\n\t\t\t\t\t\t\t\t\t\t\t\t\t<span class=\"elementor-accordion-icon elementor-accordion-icon-left\" aria-hidden=\"true\">\n\t\t\t\t\t\t\t\t\t\t\t\t\t\t\t<span class=\"elementor-accordion-icon-closed\"><svg class=\"e-font-icon-svg e-fas-plus\"><use xlink:href=\"#fas-plus\" \/><\/svg><\/span>\n\t\t\t\t\t\t\t\t<span class=\"elementor-accordion-icon-opened\"><svg class=\"e-font-icon-svg e-fas-minus\"><use xlink:href=\"#fas-minus\" \/><\/svg><\/span>\n\t\t\t\t\t\t\t\t\t\t\t\t\t\t<\/span>\n\t\t\t\t\t\t\t\t\t\t\t\t<a class=\"elementor-accordion-title\" href=\"\">\u00bfCon qu\u00e9 empresas tienen convenios?\u200b<\/a>\n\t\t\t\t\t<\/div>\n\t\t\t\t\t<div id=\"elementor-tab-content-1572\" class=\"elementor-tab-content elementor-clearfix\" data-tab=\"2\" role=\"tabpanel\" aria-labelledby=\"elementor-tab-title-1572\"><ul>\n<li>AFOCAT &#8211; JUNIN<\/li>\n<li>AFOCAT &#8211; UNION<\/li>\n<li>AFOCAT &#8211; CENTRO NOR ORIENTE<\/li>\n<li>AFOCAT DE LOS TRANSPORTISTA DE LA REGI\u00d3N JUNIN PASCO HU\u00c1NUCO<\/li>\n<li>BNP PARIBAS CARDIF S.A. COMPA\u00d1IA DE SEGUROS Y REASEGUROS<\/li>\n<li>CHUBB SEGUROS PER\u00da S.A.<\/li>\n<li>CL\u00cdNICA OFTALMOL\u00d3GICA REGIONAL S.A.C.<\/li>\n<li>CRECER SEGUROS S.A. COMPA\u00d1IA DE SEGUROS\u00a0<\/li>\n<li>DOE RUN PERU S.R.L. EN LIQUIDACI\u00d3N EN MARCHA<\/li>\n<li>ELECTROCENTRO S.A.<\/li>\n<li>ELECTROPER\u00da S.A.<\/li>\n<li>EPS SEDAM HUANCAYO S.A.<\/li>\n<li>FONDO DE EMPLEADOS DE LA SUNAT<\/li>\n<li>GMMI INC.<\/li>\n<li>INTERSEGURO CIA. DE SEGUROS S.A.<\/li>\n<li>LA POSITIVA S.A. EPS &#8211; ENTIDAD PRESTADORA DE SALUD<\/li>\n<li>LA POSITIVA SEGUROS Y REASEGUROS<\/li>\n<li>MAPFRE PERU COMPA\u00d1IA DE SEGUROS Y REASEGUROS<\/li>\n<li>MAPFRE PERU S.A. ENTIDAD PRESTADORA DE SALUD<\/li>\n<li>PAC\u00cdFICO COMPA\u00d1IA DE SEGUROS Y REASEGUROS S.A.<\/li>\n<li>PAC\u00cdFICO S.A. ENTIDAD PRESTADORA DE SALUD<\/li>\n<li>PROTECTA S.A. COMPA\u00d1IA DE SEGUROS<\/li>\n<li>RIMAC S.A. ENTIDAD PRESTADORA DE SALUD<\/li>\n<li>RIMAC SEGUROS Y REASEGUROS<\/li>\n<li>SALUDPOL<\/li>\n<li>SANITAS PER\u00da S.A. &#8211; E.P.S<\/li>\n<\/ul><\/div>\n\t\t\t\t<\/div>\n\t\t\t\t\t\t\t<div class=\"elementor-accordion-item\">\n\t\t\t\t\t<div id=\"elementor-tab-title-1573\" class=\"elementor-tab-title\" data-tab=\"3\" role=\"tab\" aria-controls=\"elementor-tab-content-1573\" aria-expanded=\"false\">\n\t\t\t\t\t\t\t\t\t\t\t\t\t<span class=\"elementor-accordion-icon elementor-accordion-icon-left\" aria-hidden=\"true\">\n\t\t\t\t\t\t\t\t\t\t\t\t\t\t\t<span class=\"elementor-accordion-icon-closed\"><svg class=\"e-font-icon-svg e-fas-plus\"><use xlink:href=\"#fas-plus\" \/><\/svg><\/span>\n\t\t\t\t\t\t\t\t<span class=\"elementor-accordion-icon-opened\"><svg class=\"e-font-icon-svg e-fas-minus\"><use xlink:href=\"#fas-minus\" \/><\/svg><\/span>\n\t\t\t\t\t\t\t\t\t\t\t\t\t\t<\/span>\n\t\t\t\t\t\t\t\t\t\t\t\t<a class=\"elementor-accordion-title\" href=\"\">\u00bfDonde Ubicamos la Cl\u00ednica?<\/a>\n\t\t\t\t\t<\/div>\n\t\t\t\t\t<div id=\"elementor-tab-content-1573\" class=\"elementor-tab-content elementor-clearfix\" data-tab=\"3\" role=\"tabpanel\" aria-labelledby=\"elementor-tab-title-1573\"><p>Estamos Ubicados\u00a0Jr. Daniel Alcides Carrion #1124<br \/>064 Huancayo Telf: 064-232921 y 064-235430\u00a0<\/p><\/div>\n\t\t\t\t<\/div>\n\t\t\t\t\t\t\t<div class=\"elementor-accordion-item\">\n\t\t\t\t\t<div id=\"elementor-tab-title-1574\" class=\"elementor-tab-title\" data-tab=\"4\" role=\"tab\" aria-controls=\"elementor-tab-content-1574\" aria-expanded=\"false\">\n\t\t\t\t\t\t\t\t\t\t\t\t\t<span class=\"elementor-accordion-icon elementor-accordion-icon-left\" aria-hidden=\"true\">\n\t\t\t\t\t\t\t\t\t\t\t\t\t\t\t<span class=\"elementor-accordion-icon-closed\"><svg class=\"e-font-icon-svg e-fas-plus\"><use xlink:href=\"#fas-plus\" \/><\/svg><\/span>\n\t\t\t\t\t\t\t\t<span class=\"elementor-accordion-icon-opened\"><svg class=\"e-font-icon-svg e-fas-minus\"><use xlink:href=\"#fas-minus\" \/><\/svg><\/span>\n\t\t\t\t\t\t\t\t\t\t\t\t\t\t<\/span>\n\t\t\t\t\t\t\t\t\t\t\t\t<a class=\"elementor-accordion-title\" href=\"\">\u00bfHorario de atenci\u00f3n de los Servicios?<\/a>\n\t\t\t\t\t<\/div>\n\t\t\t\t\t<div id=\"elementor-tab-content-1574\" class=\"elementor-tab-content elementor-clearfix\" data-tab=\"4\" role=\"tabpanel\" aria-labelledby=\"elementor-tab-title-1574\"><p>La atenci\u00f3n de nuestros servicios es de Lunes a Domingo de 7 am. a 10 pm.<\/p><\/div>\n\t\t\t\t<\/div>\n\t\t\t\t\t\t\t<div class=\"elementor-accordion-item\">\n\t\t\t\t\t<div id=\"elementor-tab-title-1575\" class=\"elementor-tab-title\" data-tab=\"5\" role=\"tab\" aria-controls=\"elementor-tab-content-1575\" aria-expanded=\"false\">\n\t\t\t\t\t\t\t\t\t\t\t\t\t<span class=\"elementor-accordion-icon elementor-accordion-icon-left\" aria-hidden=\"true\">\n\t\t\t\t\t\t\t\t\t\t\t\t\t\t\t<span class=\"elementor-accordion-icon-closed\"><svg class=\"e-font-icon-svg e-fas-plus\"><use xlink:href=\"#fas-plus\" \/><\/svg><\/span>\n\t\t\t\t\t\t\t\t<span class=\"elementor-accordion-icon-opened\"><svg class=\"e-font-icon-svg e-fas-minus\"><use xlink:href=\"#fas-minus\" \/><\/svg><\/span>\n\t\t\t\t\t\t\t\t\t\t\t\t\t\t<\/span>\n\t\t\t\t\t\t\t\t\t\t\t\t<a class=\"elementor-accordion-title\" href=\"\">\u00bfQu\u00e9 promociones Ofrecen?<\/a>\n\t\t\t\t\t<\/div>\n\t\t\t\t\t<div id=\"elementor-tab-content-1575\" class=\"elementor-tab-content elementor-clearfix\" data-tab=\"5\" role=\"tabpanel\" aria-labelledby=\"elementor-tab-title-1575\"><p>Contamos con lon Viernes Econ\u00f3micos el 10% de Descuento en todos Nuestros Servicios Auxiliares.<\/p><\/div>\n\t\t\t\t<\/div>\n\t\t\t\t\t\t\t\t<\/div>\n\t\t\t\t<\/div>\n\t\t\t\t<\/div>\n\t\t\t\t\t<\/div>\n\t\t<\/div>\n\t\t\t\t\t\t\t<\/div>\n\t\t<\/section>\n\t\t\t\t\t\t\t<\/div>\n\t\t","protected":false},"excerpt":{"rendered":"<p>\u00bfQu\u00e9 servicios ofrecen? Te ofrecemos servicios de alta calidad, con equipos de \u00faltima tecnolog\u00eda y especialistas continuamente capacitados. Entre nuestros servicios est\u00e1n quimioterapia, nutrici\u00f3n, Medicina F\u00edsica y Rehabilitaci\u00f3n, Banco de sangre, Laboratorio Cl\u00ednico, Unidad de Cuidados Intensivos Pedi\u00e1trico, Centro Obst\u00e9trico, Unidad de Cuidados Intensivos, Central de Esterilizaci\u00f3n, Centro Quir\u00fargico, Hospitalizaci\u00f3n, Densitometr\u00eda \u00d3sea, Resonancia Magn\u00e9tica, Tomograf\u00eda, &hellip;<\/p>\n","protected":false},"author":4,"featured_media":0,"parent":0,"menu_order":34,"comment_status":"closed","ping_status":"closed","template":"page-templates\/without-header-footer.php","meta":{"_links_to":"","_links_to_target":""},"_links":{"self":[{"href":"https:\/\/clinicaortega.pe\/webortega\/wp-json\/wp\/v2\/pages\/8727"}],"collection":[{"href":"https:\/\/clinicaortega.pe\/webortega\/wp-json\/wp\/v2\/pages"}],"about":[{"href":"https:\/\/clinicaortega.pe\/webortega\/wp-json\/wp\/v2\/types\/page"}],"author":[{"embeddable":true,"href":"https:\/\/clinicaortega.pe\/webortega\/wp-json\/wp\/v2\/users\/4"}],"replies":[{"embeddable":true,"href":"https:\/\/clinicaortega.pe\/webortega\/wp-json\/wp\/v2\/comments?post=8727"}],"version-history":[{"count":18,"href":"https:\/\/clinicaortega.pe\/webortega\/wp-json\/wp\/v2\/pages\/8727\/revisions"}],"predecessor-version":[{"id":97239,"href":"https:\/\/clinicaortega.pe\/webortega\/wp-json\/wp\/v2\/pages\/8727\/revisions\/97239"}],"wp:attachment":[{"href":"https:\/\/clinicaortega.pe\/webortega\/wp-json\/wp\/v2\/media?parent=8727"}],"curies":[{"name":"wp","href":"https:\/\/api.w.org\/{rel}","templated":true}]}}